23 - 6. Let j be (188/(-282))/((-2)/6). Suppose 3*v + v = -2*w + 34, -j*v + 5*w - 1 = 0. What is the remainder when i is divided by v?
3
Suppose 1348 = 44*q - 1116. Let h(n) = 2*n**2 - n + 1. Let g be h(1). Suppose 7*c - 1115 = g*c. What is the remainder when c is divided by q?
55
Let u(l) = -13*l + 314. Let f be u(23). What is the remainder when 43 is divided by f + -2*(-8)/(-4)?
10
What is the remainder when (-18 + -2)/(-20) - (-245 + -1) is divided by 50?
47
Calculate the remainder when ((-45)/(-135))/(-1 + 3900/3897) is divided by 109.
106
Let r = -24 - -27. Suppose 3*u - r = -3. Suppose 0 = 3*p - 7*p - 20, u = 4*s - 2*p - 282. Calculate the remainder when s is divided by 18.
14
Let n be 288/3 + (1 - 3). Let d = -92 + n. Suppose -2*u + 71 = 5*w + 8, -d*u = w - 11. What is the remainder when 77 is divided by w?
12
Let m = 8841 + -8695. What is the remainder when m is divided by 6?
2
Suppose -220*t = -d - 215*t + 369, 4*t = 2*d - 750. Calculate the remainder when d is divided by 15.
4
Suppose -18*l - 132*l = 10*l - 148960. What is the remainder when l is divided by 117?
112
Let k(p) = -6*p - 58. Let l(d) = 23*d**2 - 8*d - 2. Calculate the remainder when l(-4) is divided by k(-18).
48
Let s be 0*(1/6 - 2/(-6)). Suppose s = -3*j - 3*j + 54. Calculate the remainder when 16 is divided by (-2)/((1/j)/(1/(-2))).
7
Let q(x) = 2*x**2 + 28*x - 14. Let w be q(-15). Let k be 0 + -1 - (98 + w). Let u = 124 + k. What is the remainder when 16 is divided by u?
7
Let g = -61 + 66. Suppose -5*d = g - 30. Calculate the remainder when 33 is divided by (0 - -1) + 3 + -2 + d.
5
Let w(v) = -20 + 17*v + 20 - v**2 - 17. Calculate the remainder when w(13) is divided by 28.
7
Let j(f) = 2*f**2 + f + 203. What is the remainder when j(0) is divided by (-380)/5*11/(-44)*1?
13
Suppose 11*h - 8 = 7*h. Suppose 13 = h*x - 13. Suppose -2*s + o + 78 = 0, 9*s - o = 5*s + 154. What is the remainder when s is divided by x?
12
Suppose -98*c - 1375 = 10*c - 11419. Calculate the remainder when 570 is divided by c.
12
Suppose 0 = -0*p + 3*p - 153. Suppose -19659 + 4527 = -39*v. Suppose 336 - v = -2*q. What is the remainder when p is divided by q?
25
Suppose x + 2 = k + 15, -3*x + 2*k + 37 = 0. Let o = -3 - -6. Suppose 4*a - 210 = -o*a. What is the remainder when a is divided by x?
8
Calculate the remainder when 4854 + 0 + -131 + 118 is divided by 15.
11
Calculate the remainder when ((-2800)/84)/25 + (-13592)/(-6) is divided by 151.
150
Suppose -48 = 3*c - 4*c - 4*o, -3*c - 3*o + 162 = 0. Suppose -r + 3*i = i - c, r = -i + 50. Calculate the remainder when r is divided by 14.
10
Let n be (168/(-35))/((-10)/300). Suppose 5*w - 367 = 4*t, -t - n - 154 = -4*w. Calculate the remainder when w is divided by 22.
9
Suppose -4*d - 7*t = -2*t - 170, t = -2. Let l = d - 21. Calculate the remainder when 285 is divided by l.
21
Suppose -4*l - 12 = -4*y - 0, -3*y + 4*l = -4. Let n be 50/4 + (71 - 81) + (-135)/(-6). Let g = n - y. What is the remainder when 185 is divided by g?
15
Suppose 50*b + 40*b = 22*b + 2992. What is the remainder when 56 is divided by b?
12
Let a(z) = -2*z**2 - 9*z - 10. Let f be a(-2). Suppose -25*t + 9*t + 1712 = f. Calculate the remainder when t is divided by 11.
8
Let h(l) be the first derivative of 2*l**2 - 11*l - 54. Let i(d) = d**2 + 5*d + 6. Let q be i(-5). Calculate the remainder when 61 is divided by h(q).
9
Let z = 1390 - 255. What is the remainder when z is divided by 374?
13
Let j = -2126 - -2138. What is the remainder when 280 is divided by j?
4
Suppose -q = 5*a - 5, 2*q - 20 = -2*a - 2*q. Suppose a = 5*y + 10, -4*y - 58 = -5*c - 5. What is the remainder when 14 is divided by c?
5
Let h(w) = -w**3 + 10*w + 5. Suppose 10*p - 399 = 3*p. Calculate the remainder when p is divided by h(-4).
28
Let v = 7 + -4. Suppose 0 = -489*x + 481*x. What is the remainder when (-1 + v)*(20 - -5) - x is divided by 14?
8
Let f(u) = u**2 - 4*u - 15. Let i(v) = -2*v**3 - 6*v - 5. Calculate the remainder when f(12) is divided by i(-2).
12
Suppose -23510 = -2*c - 23266. Calculate the remainder when 230 is divided by c.
108
Suppose 0 = 3*o + 2*z - 22, -3*o + 2*z + 2 = -0. Suppose o*t - 329 = -3*t. Let g = 54 - t. What is the remainder when 11 is divided by g?
4
Suppose 0 = -4*k + 5*r + 2819, -5*k - 25*r = -28*r - 3514. What is the remainder when k is divided by 39?
38
Let r(a) = a**3 - 18*a**2 + 17*a + 20. Let m be r(16). Suppose -3*y + 9 = 0, 0*y + 31 = 5*k - 3*y. What is the remainder when (m/15)/(12/(-18)) is divided by k?
6
Suppose 2*p + 524 = 5*p - 2*x, -p - x = -178. Calculate the remainder when p is divided by ((-77)/14 + 7)/(2/60).
41
Let k be (-7)/(63/(-6))*6/1. Suppose -2*i - 4*a + 32 = 0, -5*i - 108 = -10*i + k*a. Calculate the remainder when 139 is divided by i.
19
Suppose 0 = -2*u - 2*u + 44. Suppose -t - u = -14. Suppose -k - t*q = -11, -19 = -5*q - 4. Calculate the remainder when 3 is divided by k.
1
Suppose -b = -5*u - 124, u = 2*b + b - 302. Let x = b + 3. Let i = -88 + x. What is the remainder when i is divided by 4?
2
Let w = 7 + -30. Let u = w - -38. Suppose 26 = 4*q + 2*m, -2*q + u = m + 2*m. What is the remainder when q is divided by 4?
2
Let o = -8491 - -8688. What is the remainder when o is divided by 136?
61
Suppose -54*a = -19527 + 4245. Calculate the remainder when 566 is divided by a.
0
Let n(c) = -2*c**3 - 6*c**2 + 19*c + 137. Calculate the remainder when 3125 is divided by n(-6).
18
Let b = -1107 - -1174. Suppose 3*u - b = -2*t, 4*t + 27 = u - 0*u. Let r = 76 - -35. Calculate the remainder when r is divided by u.
19
Let b = 282 - 280. Suppose -137 = -4*q - 0*n - n, 32 = q - b*n. Calculate the remainder when 85 is divided by q.
17
Let c(n) = 365*n**2 + 6*n + 1. Let x be c(-1). Suppose -3*i + x = 6*i. Calculate the remainder when i is divided by 1/2 + (-41)/(-2).
19
Suppose -4086 = -17*c + 7916. Let h = c + -606. What is the remainder when h is divided by 6?
4
Let v = -1262 - -1687. Calculate the remainder when v is divided by 3.
2
Let m(j) = 4*j - 4. Let h(p) = -295*p + 20984. What is the remainder when h(71) is divided by m(6)?
19
What is the remainder when 449 + 1*((-270)/(-9))/(-6) is divided by 155?
134
Suppose -1131 - 117 = -208*h. Let o be ((-44)/(-6))/(6/9). Let i = 11 + o. What is the remainder when i is divided by h?
4
Let r = 6087 + -5958. Calculate the remainder when 506 is divided by r.
119
Let p(d) = -d - 22. Let j be p(-16). Let u be 1560/35 + j/(-14) + 0. Calculate the remainder when 35 is divided by (u/20 - 2)*52.
9
Suppose -97160 + 469599 = 22*c - 157981. What is the remainder when c is divided by 22?
20
Let o = -6075 - -6084. Calculate the remainder when 509 is divided by o.
5
Suppose -u = -p + 4, 8*p - 26 = 3*p + 2*u. What is the remainder when p/(-10) - 0 - (-1806)/35 is divided by 9?
6
Suppose -109*h - 4 = -111*h, k - 247 = 3*h. Calculate the remainder when k is divided by 17.
15
Let q be (-3 + 14/4)*-176. Let y = -75 - q. Suppose y = 3*k - 8. What is the remainder when 14 is divided by k?
0
Suppose 945 = -28*h + 133*h. Calculate the remainder when 483 is divided by h.
6
Suppose -2*o = -2*w - 0*o + 72, -2*w + 37 = 5*o. Let l(m) = -24*m - 5. Let g be l(-8). Suppose q + 65 = g. What is the remainder when q is divided by w?
29
Let h be 0 + 24*6/9. Suppose 19*g - 36*g - 493 = 0. Let q = h - g. Calculate the remainder when q is divided by 18.
9
Let p = -27481 - -27511. Calculate the remainder when 2515 is divided by p.
25
Suppose 27550*q = 27560*q - 60. What is the remainder when 5252 is divided by q?
2
Suppose z = -0*z + 14. Let u be -57 - 1 - (-1 + -3). What is the remainder when 3*6/u*(-156)/2 is divided by z?
12
Let j = -18053 + 18328. Calculate the remainder when 816 is divided by j.
266
Suppose 44*p - 658 = 11*p + 266. Calculate the remainder when 2406 is divided by p.
26
Let u(d) = 3*d**2 + 43*d + 409. Let i(o) = 2*o**2 + 29*o + 273. Let c(b) = 8*i(b) - 5*u(b). What is the remainder when c(-10) is divided by 0/(-2) + 0 + 12?
9
Suppose -4*n - 14 = -34. Suppose -3*k + 4*u + 0*u = -83, 4*k + n*u = 59. Calculate the remainder when 43 is divided by k.
1
Suppose 3*i - 2*g = -0*g + 427, 0 = -i - 5*g + 148. Suppose 20*h = 87*h - 1072. Calculate the remainder when i is divided by h.
15
Let m = -653 - -999. Calculate the remainder when m is 